and a.
4
Suppose -8*y + 3 + 21 = 0. Suppose -y*q = -3*f + 31 + 11, 31 = 4*f + q. What is the greatest common factor of f and 9?
9
Let f = 80 + -88. Let v be (-1)/(6/f) + (-805)/(-15). Let u be (0 - (2 - 3)) + 21. What is the highest common factor of u and v?
11
Let x = -9220 + 10299. Calculate the greatest common factor of 65 and x.
13
Suppose g + 3803 - 29904 = -4*t, g = -t + 26104. What is the highest common divisor of 227 and g?
227
Let i(m) = m**3 + 102*m**2 - 882*m + 239. Let a be i(-110). Calculate the greatest common divisor of 119 and a.
17
Suppose 0*q = -5*q + 230. Let c be 16/6 - ((-16)/12 - -1). Let b be 4*(-1)/12 + 208/c. Calculate the highest common factor of b and q.
23
Let j(x) = 5*x - 18. Let l = -129 - -138. Let b be j(l). What is the highest common divisor of b and 108?
27
Suppose 5*v - 10*z - 1655 = -5*z, 13*v + z - 4373 = 0. What is the highest common divisor of v and 3792?
48
Let t be -9 + ((-140)/(-50))/((-8 + -1)/(-630)). Suppose -3*i - 27 = 3*d - 3, -4*i + 20 = 0. Let w = 4 - d. What is the highest common divisor of t and w?
17
Suppose 83*g = 286776 - 117456. Calculate the highest common divisor of 270 and g.
30
Let r be (0 - -157 - -1)*(-19 + 468/24). What is the highest common divisor of 9875 and r?
79
Let s = -4535 + 5237. Calculate the highest common factor of s and 18.
18
Let t(p) = -p**2 - 8*p - 5. Let w be t(6). Let k(y) = y**2 + 16*y + 14. Let n be k(-8). Let l = n - w. Calculate the highest common factor of 13 and l.
13
Suppose -4*p = -p - d - 779, 0 = 3*d - 12. Suppose 28*k = 25*k - p. Let w = 97 + k. Calculate the highest common factor of 25 and w.
5
Let d = 303 + -240. Let j(f) = 13*f - 175. Let c be j(14). What is the highest common factor of c and d?
7
Suppose 0 = -23*s + 66528 + 33085. Calculate the highest common factor of 244 and s.
61
Let y = 68 + -144. Let k = y - 4. Let f = 150 + k. Calculate the highest common divisor of 28 and f.
14
Suppose -49*x + 25081 = -71694. What is the greatest common divisor of 25 and x?
25
Let v = -7 - -21. Suppose -31 = 4*j + 3*i - 62, -25 = -4*j + 3*i. What is the highest common divisor of v and j?
7
Suppose 5*w + 4*o = 301, -786*w - 5*o = -791*w + 355. What is the greatest common factor of w and 8?
1
Let u(m) = -2*m**2 + 84*m + 626. Let y be u(47). Calculate the highest common divisor of 12 and y.
12
Let v(p) = 2*p**2 + 9*p - 7. Suppose 3*i - 3*g = -i - 50, -7 = i + 2*g. Let s be v(i). Let f = 17 + 0. Calculate the highest common divisor of s and f.
17
Let p be 182 - 0 - (209/76 + (-6)/8). What is the greatest common divisor of 2340 and p?
180
Let o = 191 - 188. Suppose r + 3*u = -10, o*r - 2*u - 2*u - 22 = 0. Calculate the greatest common factor of 6 and r.
2
Let n = 145 + -181. Let a = 52 + n. What is the highest common factor of a and 48?
16
Let g = -251 + 355. Let h(q) = -q**2 + 6*q - 2. Let o be h(5). Suppose o*i - 4 = 20. What is the greatest common factor of i and g?
8
Suppose -160*h = 13 - 1773. Let v = 124 + -69. What is the highest common factor of h and v?
11
Let d = -933 - -1303. What is the greatest common factor of 130 and d?
10
Let t be ((-216)/4)/9 - 2*(-44235)/6. What is the greatest common divisor of 51 and t?
51
Suppose 12808 = 8*g + 1104. Suppose -g = -638*h + 627*h. Calculate the highest common factor of 7 and h.
7
Suppose -4*p = -3*p - b + 9, 0 = 2*p + 5*b + 11. Let x(t) = -21*t - 139. Let l be x(p). Calculate the highest common divisor of 145 and l.
29
Let k be 9 - 6 - -31 - -1. Let a(c) = -2*c + 8. Let y be a(-7). Suppose k = b - y. What is the greatest common divisor of 19 and b?
19
Let g = -2789 + 2864. Calculate the greatest common factor of 700 and g.
25
Let s be -4*(2 + -1) - (-2736)/9. Suppose -60*c - s = -70*c. What is the highest common divisor of 18 and c?
6
Let i = -13 - -80. Let n = 69 - i. Calculate the greatest common factor of 36 and n.
2
Suppose 5*i + 7*i - 7029 = i. Calculate the highest common divisor of i and 9.
9
Let r(g) = -11*g - 100. Let h be (-50)/175 + 6/21*-34. Let v be r(h). What is the highest common divisor of 25 and v?
5
Let o be (-762)/4*1/3*-2. Let m = 129 - o. What is the highest common divisor of 18 and m?
2
Suppose -j - 249*g + 251*g = -9976, g = -2*j + 19927. What is the highest common factor of 44 and j?
22
Let d(c) be the first derivative of 1/3*c**3 + 0*c + 9/2*c**2 + 7. Let w be d(-10). What is the greatest common divisor of w and 10?
10
Suppose -33*a - 714 + 8106 = 0. Let m = 220 + -156. Calculate the greatest common factor of a and m.
32
Suppose 4*x = 5*h + 10, -3*x + 13 = -2. Suppose 5*q + 277 = 4*f, 2*f - 53 = f - h*q. What is the highest common divisor of 252 and f?
63
Suppose 2642*w + 4160 = 2652*w. Calculate the greatest common factor of 128 and w.
32
Let x = 2144 - 2000. What is the greatest common divisor of 153 and x?
9
Suppose 0 = -z - 4*h + 80, -15*z = -14*z + 5*h - 84. Calculate the greatest common divisor of z and 1888.
32
Let s be (8 - (-12 + 23)) + (-1 - (-1 + -747)). What is the greatest common divisor of 5301 and s?
93
Suppose -3*v = 5*c - 6*v - 11287, -2*c - 4*v = -4494. What is the highest common factor of c and 123?
41
Suppose -56 - 4 = -d. Let z = -152 - -138. Let o be (-176)/z - ((-1464)/84 + 18). Calculate the greatest common factor of o and d.
12
Suppose -11 = -4*k + 9. Suppose -z = -k*p + z - 778, p = 3*z - 166. Let u be -1 + p/(-5) - (-2)/10. Calculate the greatest common divisor of 330 and u.
30
Suppose 88*l = 90*l - 6. Let f(z) = z**3 + 4*z**2 - 6*z + 5. Let p be f(l). Calculate the greatest common divisor of p and 25.
25
Suppose 17*w = -4*y + 12*w + 64, 2*w - 13 = -y. Suppose 5*x + 192 = y*x. Suppose -c + 84 = -0*c. Calculate the greatest common factor of x and c.
12
Let a(l) = 37*l - l**3 + 90*l**2 - 113*l**2 + 0*l**3 - 12*l + 48. Let k be a(-24). What is the greatest common divisor of k and 264?
24
Let x be (9 + -7)*(-54)/(-3). Suppose 3*z - 1590 = -x. What is the greatest common factor of 222 and z?
74
Let l = -1711 + 1780. What is the highest common divisor of l and 368?
23
Suppose -103*x + 100*x - 4*s + 2974 = 0, 0 = -5*x + s + 4926. Calculate the greatest common factor of 102 and x.
34
Suppose 68*h - 8221 = -13*h - 121. Let f be (30/45)/((-1)/(-6)). What is the highest common divisor of h and f?
4
Suppose -2*a = 2*f - 6, -4*f + 40*a + 14 = 45*a. Let j be f/((12/264)/(10 - 0)). What is the highest common divisor of j and 20?
20
Let p(j) = j**3 - 4*j**2 + 3*j + 5. Let c be p(3). Let h be ((-639)/6 - -3) + c/10. Let k = -98 - h. Calculate the highest common divisor of 35 and k.
5
Suppose 4*s = 7*s - 3*u - 30, -2*u + 64 = 5*s. What is the greatest common factor of 1636 and s?
4
Let f = -30 - -35. Suppose -o = -v - 3*v - 56, f*o = v - 5. Let g = v - -30. What is the greatest common factor of g and 135?
15
Suppose -22*c - 18*c + 37240 = 0. Let m = -746 + c. Calculate the greatest common divisor of m and 74.
37
Let o = -23 + -53. Let b = -49 - o. Suppose 5*k - 675 = -0*k. Calculate the highest common divisor of k and b.
27
Suppose 2*v - 2*z - 14 = -6*z, v + z - 3 = 0. Let s be 2*(89/2 - v). Let y = -72601 + 72614. Calculate the greatest common divisor of y and s.
13
Suppose -4*o + 24 = 4. Suppose -4*z + o = -31. Suppose -z*f + 10*f = 7. What is the greatest common divisor of 21 and f?
7
Let z be 265975/350 - (-3)/42. Calculate the highest common divisor of z and 120.
40
Suppose -228 + 645 = 3*w. Suppose 58 - w = -9*x. Suppose 5*f + x = 3*d - 11, 0 = -3*d + 2*f + 26. What is the highest common divisor of 50 and d?
10
Let w be 334 + -23 + (-1 - -10). Let q = 7 + 13. Calculate the highest common factor of w and q.
20
Suppose 0 = -54*z + 7337 + 32291 - 478. What is the highest common divisor of 25 and z?
25
Let n(l) = -51*l + 658. Let j be n(6). What is the highest common factor of 160 and j?
32
Suppose 2*r = 508 - 466. Calculate the greatest common divisor of r and 2037.
21
Let s be ((-4)/5)/(1 + (-216)/210). Let y be (-1 - 0)*s/(-14) + 98. What is the highest common divisor of y and 25?
25
Let d be ((-5)/3)/(-1)*1015920/1700. Calculate the highest common factor of d and 36.
12
Suppose -5*f - f = -1932. Let c be 2*2 - f/(-23). What is the greatest common divisor of 2 and c?
2
Suppose 2*s - 567 = -3*j, -109 = -3*j + 2*s + 458. Suppose 9*a - 754 = -5*l, -3*a - 5*l + 279 - 11 = 0.